
Is 36802 composite?
True
Is 94201 a prime number?
True
Is 22867 prime?
False
Is 10765 prime?
False
Is 42049 composite?
True
Is 54083 a prime number?
True
Is 378767 a composite number?
True
Is 17861 composite?
True
Is 20103 composite?
True
Is 11 prime?
True
Is 401843 a prime number?
False
Is 72133 prime?
False
Is 5163 a composite number?
True
Is 40577 composite?
False
Is 20173 a prime number?
True
Is 7499 prime?
True
Is 412561 prime?
True
Is 4201 a prime number?
True
Is 436589 a prime number?
False
Is 12953 a composite number?
False
Is 33391 a composite number?
False
Is 94477 composite?
False
Is 33149 composite?
False
Is 148615 prime?
False
Is 2631 composite?
True
Is 6211 a prime number?
True
Is 5089 prime?
False
Is 354797 a prime number?
False
Is 3476839 a composite number?
True
Is 4405673 prime?
False
Is 116579 a prime number?
True
Is 27647 composite?
False
Is 578499 a composite number?
True
Is 4717 a composite number?
True
Is 405893 a prime number?
True
Is 12409 a composite number?
False
Is 143443 prime?
True
Is 431567 a composite number?
False
Is 152501 a prime number?
True
Is 21121 a composite number?
False
Is 6733 composite?
False
Is 979637 composite?
True
Is 202799 prime?
True
Is 102523 composite?
False
Is 3163 a prime number?
True
Is 154981 a composite number?
False
Is 196059 a prime number?
False
Is 13199 a prime number?
False
Is 22343 prime?
True
Is 9229 a prime number?
False
Is 25841 composite?
False
Is 14669 prime?
True
Is 26389 composite?
True
Is 49739 a composite number?
False
Is 2698253 a prime number?
True
Is 90437 a composite number?
False
Is 597637 composite?
False
Is 105379 composite?
False
Is 45677 composite?
False
Is 233087 composite?
True
Is 466217 composite?
True
Is 296321 a composite number?
True
Is 36215 prime?
False
Is 67299 composite?
True
Is 15421 a composite number?
True
Is 110869 prime?
False
Is 105041 composite?
True
Is 69691 prime?
True
Is 539669 prime?
False
Is 836873 a composite number?
False
Is 11599 a prime number?
False
Is 656351 a prime number?
False
Is 15983 prime?
False
Is 164278 a composite number?
True
Is 1137155 a composite number?
True
Is 5981 a prime number?
True
Is 536221 composite?
True
Is 178739 a prime number?
False
Is 87127 composite?
True
Is 14321 a composite number?
False
Is 157859 a composite number?
True
Is 2173 a prime number?
False
Is 15877 a composite number?
False
Is 179663 a prime number?
False
Is 290182 a prime number?
False
Is 27419 prime?
False
Is 846663 composite?
True
Is 13303 composite?
True
Is 1346 a prime number?
False
Is 13093 a composite number?
False
Is 102458 a composite number?
True
Is 419 composite?
False
Is 1867 a prime number?
True
Is 355267 a composite number?
True
Is 378847 a composite number?
True
Is 1575187 a composite number?
False
Is 10154 a prime number?
False
Is 855581 a composite number?
False
Is 491201 prime?
True
Is 9427 a prime number?
False
Is 5519 prime?
True
Is 480287 a composite number?
False
Is 28009 composite?
True
Is 385799 a composite number?
True
Is 27129 composite?
True
Is 19385 a composite number?
True
Is 4569 composite?
True
Is 237 composite?
True
Is 3421 composite?
True
Is 737147 a composite number?
False
Is 1160407 prime?
True
Is 16649 prime?
True
Is 1361 a composite number?
False
Is 35218 a prime number?
False
Is 6843 composite?
True
Is 17527 prime?
False
Is 2129 composite?
False
Is 18622 a prime number?
False
Is 49505 prime?
False
Is 11399 composite?
False
Is 29534 a prime number?
False
Is 327331 a prime number?
True
Is 120767 a composite number?
False
Is 2901 a composite number?
True
Is 13093 composite?
False
Is 331217 a composite number?
False
Is 27553 a prime number?
False
Is 3199 a composite number?
True
Is 901109 prime?
False
Is 64219 composite?
True
Is 5713 composite?
True
Is 170491 composite?
True
Is 85429 prime?
True
Is 2179 a prime number?
True
Is 2323011 a prime number?
False
Is 8263 composite?
False
Is 54689 a prime number?
False
Is 8431 prime?
True
Is 167171 composite?
True
Is 127913 a prime number?
True
Is 10427 a composite number?
False
Is 2479 prime?
False
Is 4919 a prime number?
True
Is 1408217 a composite number?
False
Is 245054 a composite number?
True
Is 10831 prime?
True
Is 31429 composite?
True
Is 2364049 a prime number?
True
Is 77993 a composite number?
True
Is 644257 prime?
True
Is 19961 prime?
True
Is 164431 prime?
True
Is 196579 a composite number?
False
Is 8197 a composite number?
True
Is 67321 composite?
True
Is 242807 a prime number?
True
Is 255397 prime?
False
Is 80547 a prime number?
False
Is 32003 composite?
False
Is 7297 prime?
True
Is 9811 prime?
True
Is 50219 composite?
True
Is 200047 a composite number?
True
Is 856705 a prime number?
False
Is 186639 prime?
False
Is 19059 composite?
True
Is 1727 a prime number?
False
Is 32659 a composite number?
True
Is 151237 composite?
False
Is 633 a composite number?
True
Is 30509 composite?
False
Is 436907 prime?
False
Is 38989 a prime number?
False
Is 1893581 a prime number?
True
Is 1543 a prime number?
True
Is 5245 composite?
True
Is 451 a composite number?
True
Is 974923 a prime number?
True
Is 58147 prime?
True
Is 183839 prime?
False
Is 2743 a prime number?
False
Is 24967 a prime number?
True
Is 662743 a prime number?
True
Is 2515 a composite number?
True
Is 170473 composite?
False
Is 9587 composite?
False
Is 675643 a prime number?
True
Is 128147 composite?
False
Is 20849 a prime number?
True
Is 1801 a prime number?
True
Is 443 a prime number?
True
Is 27254 a prime number?
False
Is 8747 prime?
True
Is 90281 a prime number?
True
Is 211007 prime?
True
Is 133442 a prime number?
False
Is 1559 a prime number?
True
Is 45481 composite?
False
Is 31247 a prime number?
True
Is 2596658 a composite number?
True
Is 172787 a composite number?
False
Is 29123 composite?
False
Is 9233 a prime number?
False
Is 18983 a composite number?
True
Is 2906053 a composite number?
False
Is 12451 a composite number?
False
Is 284293 a prime number?
True
Is 12011 prime?
True
Is 42793 prime?
True
Is 2683255 a prime number?
False
Is 83311 composite?
False
Is 243655 a prime number?
False
Is 35065 a composite number?
True
Is 14029 a composite number?
False
Is 4406 composite?
True
Is 13649 a composite number?
False
Is 869153 a composite number?
False
Is 110017 composite?
False
Is 253307 a composite number?
False
Is 2743 prime?
False
Is 437743 a composite number?
False
Is 119489 a composite number?
False
Is 18169 a prime number?
True
Is 7649 a prime number?
True
Is 3821 composite?
False
Is 59333 a composite number?
False
Is 3683 a composite number?
True
Is 222517 composite?
True
Is 42509 a composite number?
False
Is 31343 a prime number?
False
Is 1893779 prime?
True
Is 18839 a prime number?
True
Is 398 prime?
False
Is 20779 a composite number?
True
Is 273601 a composite number?
False
Is 2099 composite?
False
Is 11729 composite?
True
Is 22613 a prime number?
True
Is 4405 prime?
False
Is 43867 a prime number?
True
Is 4471 a composite number?
True
Is 23843 composite?
True
Is 17783 composite?
False
Is 22693 composite?
True
Is 617917 composite?
False
Is 522331 a prime number?
False
Is 7899 composite?
True
Is 1361 composite?
False
Is 599513 composite?
False
Is 18385 composite?
True
Is 42101 prime?
True
Is 45943 prime?
True
Is 14903 prime?
False
Is 80083 prime?
False
Is 1589281 a composite number?
False
Is 6263 prime?
True
Is 6337 composite?
False
Is 1053401 prime?
True
Is 10639 composite?
False
Is 58715 composite?
True
Is 2519087 prime?
True
Is 3209 prime?
True
Is 108977 a composite number?
True
Is 1806373 prime?
True
Is 2111 a composite number?
False
Is 2819 a composite number?
False
Is 137909 a composite number?
False
Is 7523 composite?
False
Is 20021 prime?
True
Is 14377 a composite number?
True
Is 74479 composite?
True
Is 15101 a prime number?
True
Is 1660421 composite?
True
Is 16003 a prime number?
False
Is 1956461 a composite number?
True
Is 3847 prime?
True
Is 224477 a prime number?
False
Is 71411 prime?
True
Is 9277 prime?
True
Is 23741 a prime number?
True
Is 890323 prime?
False
Is 11617 prime?
True
Is 3681083 prime?
False
Is 55327 a composite number?
True
Is 131081 a prime number?
False
Is 1013687 a composite number?
False
Is 613957 prime?
True
Is 1052609 prime?
True
Is 315547 a prime number?
Tr